{"id":5706,"date":"2022-03-29T15:19:27","date_gmt":"2022-03-29T13:19:27","guid":{"rendered":"https:\/\/www.lezards-buissonniers.fr\/BDU\/?page_id=5706"},"modified":"2024-06-08T13:40:05","modified_gmt":"2024-06-08T11:40:05","slug":"lidiot","status":"publish","type":"page","link":"https:\/\/www.lezards-buissonniers.fr\/BDU\/lidiot\/","title":{"rendered":"L&rsquo;Idiot"},"content":{"rendered":"<p style=\"text-align: left;\"><span style=\"font-size: 12pt;\"><strong>\u00ab L\u2019Idiot \u00bb<\/strong> est une revue satirique r\u00e9alis\u00e9e par les enfants.<\/span><br \/>\n<span style=\"font-size: 12pt;\">Elle nous permet de mettre en valeur leurs travaux. Le ton du journal est humoristique. Les th\u00e8mes sont souvent amusants, parfois d\u00e9cal\u00e9s!<\/span><\/p>\n<p style=\"text-align: left;\"><em>\u00ab\u00a0Parution irr\u00e9guli\u00e8re selon notre fatigue&nbsp;et notre motivation\u00a0\u00bb.<\/em><\/p>\n<p><img loading=\"lazy\" decoding=\"async\" class=\" wp-image-5707 alignleft\" src=\"https:\/\/www.lezards-buissonniers.fr\/BDU\/wp-content\/uploads\/2022\/03\/Idiot_12.jpg\" alt=\"\" width=\"193\" height=\"285\" srcset=\"https:\/\/www.lezards-buissonniers.fr\/BDU\/wp-content\/uploads\/2022\/03\/Idiot_12.jpg 534w, https:\/\/www.lezards-buissonniers.fr\/BDU\/wp-content\/uploads\/2022\/03\/Idiot_12-204x300.jpg 204w\" sizes=\"auto, (max-width: 193px) 100vw, 193px\" \/><\/p>\n<p style=\"text-align: left;\"><span style=\"font-size: 14pt;\"><strong>Les arts martiens:<\/strong><\/span> <span style=\"font-size: 12pt;\">titre donn\u00e9 par les enfants de l&rsquo;atelier. Ce num\u00e9ro est inspir\u00e9 des Art incoh\u00e9rents, de l&rsquo;Oupeinpo. Dessins spontan\u00e9s, surr\u00e9alisme, cadavres exquis compl\u00e8tent ce tableau.<\/span><\/p>\n<p style=\"text-align: left;\"><span style=\"font-size: 12pt;\">Les r\u00e9dacteurs:<\/span><br \/>\n<span style=\"font-size: 12pt;\">Tapioca, <span style=\"background-color: transparent;\">Tatine, <\/span><span style=\"background-color: transparent;\">Gibus, <\/span><span style=\"background-color: transparent;\">Super Mag, <\/span><span style=\"background-color: transparent;\">Tsuneco, <\/span><span style=\"background-color: transparent;\">Polemique, <\/span><span style=\"background-color: transparent;\">Boggio et <\/span><span style=\"background-color: transparent;\">Cow-boy<\/span><\/span><\/p>\n<p style=\"text-align: left;\"><span style=\"font-size: 12pt;\"><em>Edit\u00e9 par nos soins en Mars 2022, <a href=\"https:\/\/www.lezards-buissonniers.fr\/BDU\/wp-content\/uploads\/2022\/03\/Idiot_12.pdf\" target=\"_blank\" rel=\"noopener\">disponible en t\u00e9l\u00e9chargement (pdf)<\/a><\/em><\/span><\/p>\n<p style=\"text-align: left;\">&nbsp;<\/p>\n<p>&nbsp;<\/p>\n<p>&nbsp;<\/p>\n<p>&nbsp;<\/p>\n<p><img loading=\"lazy\" decoding=\"async\" class=\"wp-image-5739 alignleft\" src=\"https:\/\/www.lezards-buissonniers.fr\/BDU\/wp-content\/uploads\/2022\/03\/Idiot-11.jpg\" alt=\"\" width=\"200\" height=\"273\" srcset=\"https:\/\/www.lezards-buissonniers.fr\/BDU\/wp-content\/uploads\/2022\/03\/Idiot-11.jpg 543w, https:\/\/www.lezards-buissonniers.fr\/BDU\/wp-content\/uploads\/2022\/03\/Idiot-11-220x300.jpg 220w\" sizes=\"auto, (max-width: 200px) 100vw, 200px\" \/><\/p>\n<p style=\"text-align: left;\"><strong><span style=\"font-size: 14pt;\">Les gadins<\/span><\/strong>.<span style=\"font-size: 12pt;\"> Inspir\u00e9s par une tendance britannique nous avons d\u00e9cid\u00e9 de cacher dans les parc des cailloux peints. Chacun peut participer en cr\u00e9ant son gadin et en inscrivant la mention prenez-moi en photo, postez-la sur la page <a href=\"https:\/\/www.facebook.com\/l.buissonniers\/\" target=\"_blank\" rel=\"noopener\">FB \u00ab\u00a0les petits gadins\u00a0\u00bb<\/a> et recachez. Ce num\u00e9ro est donc sur le th\u00e8me des cailloux, rochers et autres inspirations: le facteur Cheval, le petit Poucet&#8230;<\/span><\/p>\n<p style=\"text-align: left;\"><span style=\"font-size: 12pt;\">Les r\u00e9dacteurs:<\/span><br \/>\n<span style=\"font-size: 12pt;\">Tapioca, Tatine, Gibus, Super Mag<\/span><\/p>\n<p style=\"text-align: left;\"><span style=\"font-size: 12pt;\"><em>Edit\u00e9 par nos soins en Mai 2021, <a href=\"https:\/\/www.lezards-buissonniers.fr\/BDU\/wp-content\/uploads\/2022\/03\/Idiot_11.pdf\" target=\"_blank\" rel=\"noopener\">disponible en t\u00e9l\u00e9chargement (pdf)<\/a><\/em><\/span><\/p>\n<p>&nbsp;<\/p>\n<p>&nbsp;<\/p>\n<p>&nbsp;<\/p>\n<p style=\"text-align: left;\"><img loading=\"lazy\" decoding=\"async\" class=\"wp-image-5717 alignleft\" src=\"https:\/\/www.lezards-buissonniers.fr\/BDU\/wp-content\/uploads\/2022\/03\/Idiot_06.jpg\" alt=\"\" width=\"200\" height=\"286\" srcset=\"https:\/\/www.lezards-buissonniers.fr\/BDU\/wp-content\/uploads\/2022\/03\/Idiot_06.jpg 497w, https:\/\/www.lezards-buissonniers.fr\/BDU\/wp-content\/uploads\/2022\/03\/Idiot_06-210x300.jpg 210w\" sizes=\"auto, (max-width: 200px) 100vw, 200px\" \/><span style=\"font-size: 14pt;\"><strong>Points, pois et taches:<\/strong><span style=\"font-size: 12pt;\"> quelques jeux de mots et beaucoup de r\u00e9alisations. Pointillisme, gravures sur gommes, papiers marbr\u00e9s, sticker sur les murs, street art. Que de d\u00e9couvertes et exp\u00e9riences! Toujours aussi riche et enthousiasmant.<\/span><\/span><\/p>\n<p style=\"text-align: left;\"><span style=\"font-size: 12pt;\">Les r\u00e9dacteurs:<\/span><br \/>\n<span style=\"font-size: 12pt;\">Tapioca, Tatine, Bridge et Gibus<\/span><\/p>\n<p style=\"text-align: left;\"><span style=\"font-size: 12pt;\"><em>Edit\u00e9 par nos soins en Mars 2019, <a href=\"https:\/\/www.lezards-buissonniers.fr\/BDU\/wp-content\/uploads\/2022\/03\/Idiot-06.pdf\" target=\"_blank\" rel=\"noopener\">disponible en t\u00e9l\u00e9chargement (pdf)<\/a><\/em><\/span><\/p>\n<p>&nbsp;<\/p>\n<p>&nbsp;<\/p>\n<p>&nbsp;<\/p>\n<p>&nbsp;<\/p>\n<p><img loading=\"lazy\" decoding=\"async\" class=\"wp-image-5735 alignleft\" src=\"https:\/\/www.lezards-buissonniers.fr\/BDU\/wp-content\/uploads\/2022\/03\/Idiot_04.jpg\" alt=\"\" width=\"200\" height=\"240\" srcset=\"https:\/\/www.lezards-buissonniers.fr\/BDU\/wp-content\/uploads\/2022\/03\/Idiot_04.jpg 607w, https:\/\/www.lezards-buissonniers.fr\/BDU\/wp-content\/uploads\/2022\/03\/Idiot_04-250x300.jpg 250w\" sizes=\"auto, (max-width: 200px) 100vw, 200px\" \/><\/p>\n<p style=\"text-align: left;\"><span style=\"font-size: 14pt;\"><b style=\"font-size: 14pt;\">Metamorphosis <\/b><span style=\"font-size: 12pt;\">Oulah des trucs vraiment bizarres tels que graphomorphisme, t\u00eates d&rsquo;argiles, morphoplastie, humanimaux, miroir aux alouettes et les graffs de Madeleine. En BONUS un entretien exclusif d&rsquo;Olivia Pradel (par les enfants bien s\u00fbr)<\/span><\/span><\/p>\n<p style=\"text-align: left;\"><span style=\"font-size: 12pt;\">Les R\u00e9dacteurs:<br \/>\nTimoche, Rogero, Madeleine, Tatine, Lolu, Chat Noir, Gibus<\/span><\/p>\n<p style=\"text-align: left;\"><em><span style=\"font-size: 12pt;\">Edit\u00e9 par nos soins en F\u00e9vrier 2018, <a href=\"https:\/\/www.lezards-buissonniers.fr\/BDU\/wp-content\/uploads\/2022\/03\/Idiot-04.pdf\" target=\"_blank\" rel=\"noopener\">disponible en t\u00e9l\u00e9chargement (pdf)<\/a><\/span><\/em><\/p>\n<p style=\"text-align: left;\">&nbsp;<\/p>\n<p>&nbsp;<\/p>\n<p><img loading=\"lazy\" decoding=\"async\" class=\"wp-image-5725 alignleft\" src=\"https:\/\/www.lezards-buissonniers.fr\/BDU\/wp-content\/uploads\/2022\/03\/Idiot_03.jpg\" alt=\"\" width=\"201\" height=\"279\" srcset=\"https:\/\/www.lezards-buissonniers.fr\/BDU\/wp-content\/uploads\/2022\/03\/Idiot_03.jpg 579w, https:\/\/www.lezards-buissonniers.fr\/BDU\/wp-content\/uploads\/2022\/03\/Idiot_03-216x300.jpg 216w\" sizes=\"auto, (max-width: 201px) 100vw, 201px\" \/><\/p>\n<p style=\"text-align: left;\"><strong><span style=\"font-size: 14pt;\">Noir et blanc&#8230;&nbsp;<\/span><\/strong><span style=\"font-size: 12pt;\">Comment voyait-on le monde du temps o\u00f9 la couleur n&rsquo;avait pas encore \u00e9t\u00e9 invent\u00e9e? Fausses photos anciennes, Armstrong, Noir sur blanc et blanc sur noir, z\u00e9tranges et bizzaroides, vasar\u00e9ly, le noir de Soulage et plus. N&rsquo;h\u00e9sitez pas \u00e0 imprimer ce num\u00e9ro, vous \u00e9conomiserez vos cartouches\/toners couleurs \ud83d\ude42<\/span><\/p>\n<p style=\"text-align: left;\"><span style=\"font-size: 12pt;\">Les r\u00e9dacteurs:<br \/>\nTimoche, Rogero, Madeleine, Tatine, Lolu, Chat Noir, Gibus<\/span><\/p>\n<p style=\"text-align: left;\"><em><span style=\"font-size: 12pt;\">Edit\u00e9 pas nos soins en Juin 2017, <a href=\"https:\/\/www.lezards-buissonniers.fr\/BDU\/wp-content\/uploads\/2022\/03\/Idiot-03.pdf\" target=\"_blank\" rel=\"noopener\">disponible en t\u00e9l\u00e9chargement (pdf)&nbsp;<\/a><\/span><\/em><\/p>\n<p>&nbsp;<\/p>\n<p>&nbsp;<\/p>\n<p>&nbsp;<\/p>\n<p><img loading=\"lazy\" decoding=\"async\" class=\"wp-image-5729 alignleft\" src=\"https:\/\/www.lezards-buissonniers.fr\/BDU\/wp-content\/uploads\/2022\/03\/Idiot_01.jpg\" alt=\"\" width=\"200\" height=\"276\" srcset=\"https:\/\/www.lezards-buissonniers.fr\/BDU\/wp-content\/uploads\/2022\/03\/Idiot_01.jpg 615w, https:\/\/www.lezards-buissonniers.fr\/BDU\/wp-content\/uploads\/2022\/03\/Idiot_01-218x300.jpg 218w\" sizes=\"auto, (max-width: 200px) 100vw, 200px\" \/><\/p>\n<p style=\"text-align: left;\"><strong><span style=\"font-size: 14pt;\">Le jeu des grosses l\u00e9gumes<\/span><\/strong> <span style=\"font-size: 12pt;\">premier num\u00e9ro d&rsquo;une longue s\u00e9rie! C&rsquo;\u00e9tait la p\u00e9riode des \u00e9lections pr\u00e9sidentielles 2017 (pr\u00e9cision importante, vu le contenu) Arnaud de Montambour, Marine The Pen, Michelle Amollirait, Jean-Luc Machon\u00e9, Nathalie Marteau et Nikosoarko (entre autres&#8230;) sont les vedettes caricatur\u00e9es par les enfants&#8230;<\/span><\/p>\n<p style=\"text-align: left;\">Les r\u00e9dacteurs:<br \/>\nTimoche, Rogero, Madeleine, Tatine, Lolu, Char Noir, Gibus<\/p>\n<p style=\"text-align: left;\"><em>Edit\u00e9 par nos soins en Janvier 2017, <a href=\"https:\/\/www.lezards-buissonniers.fr\/BDU\/wp-content\/uploads\/2022\/03\/Idiot-01.pdf\" target=\"_blank\" rel=\"noopener\">disponible en t\u00e9l\u00e9chargement (pdf)<\/a><\/em><\/p>\n<p>&nbsp;<\/p>\n<p>&nbsp;<\/p>\n<p>&nbsp;<\/p>\n<p>&nbsp;<\/p>\n<p>&nbsp;<\/p>\n","protected":false},"excerpt":{"rendered":"<p>\u00ab L\u2019Idiot \u00bb est une revue satirique r\u00e9alis\u00e9e par les enfants. Elle nous permet de mettre en valeur leurs travaux. Le ton du journal est humoristique. Les th\u00e8mes sont souvent amusants, parfois d\u00e9cal\u00e9s! \u00ab\u00a0Parution irr\u00e9guli\u00e8re selon notre fatigue&nbsp;et notre motivation\u00a0\u00bb. Les arts martiens: titre donn\u00e9 par les enfants de l&rsquo;atelier. Ce num\u00e9ro est inspir\u00e9 des&hellip; <br \/> <a class=\"read-more\" href=\"https:\/\/www.lezards-buissonniers.fr\/BDU\/lidiot\/\">Lire la suite<\/a><\/p>\n","protected":false},"author":2,"featured_media":0,"parent":0,"menu_order":0,"comment_status":"closed","ping_status":"closed","template":"","meta":{"_lmt_disableupdate":"no","_lmt_disable":"","ngg_post_thumbnail":0,"footnotes":""},"tags":[],"class_list":["post-5706","page","type-page","status-publish","hentry"],"_links":{"self":[{"href":"https:\/\/www.lezards-buissonniers.fr\/BDU\/wp-json\/wp\/v2\/pages\/5706","targetHints":{"allow":["GET"]}}],"collection":[{"href":"https:\/\/www.lezards-buissonniers.fr\/BDU\/wp-json\/wp\/v2\/pages"}],"about":[{"href":"https:\/\/www.lezards-buissonniers.fr\/BDU\/wp-json\/wp\/v2\/types\/page"}],"author":[{"embeddable":true,"href":"https:\/\/www.lezards-buissonniers.fr\/BDU\/wp-json\/wp\/v2\/users\/2"}],"replies":[{"embeddable":true,"href":"https:\/\/www.lezards-buissonniers.fr\/BDU\/wp-json\/wp\/v2\/comments?post=5706"}],"version-history":[{"count":25,"href":"https:\/\/www.lezards-buissonniers.fr\/BDU\/wp-json\/wp\/v2\/pages\/5706\/revisions"}],"predecessor-version":[{"id":6082,"href":"https:\/\/www.lezards-buissonniers.fr\/BDU\/wp-json\/wp\/v2\/pages\/5706\/revisions\/6082"}],"wp:attachment":[{"href":"https:\/\/www.lezards-buissonniers.fr\/BDU\/wp-json\/wp\/v2\/media?parent=5706"}],"wp:term":[{"taxonomy":"post_tag","embeddable":true,"href":"https:\/\/www.lezards-buissonniers.fr\/BDU\/wp-json\/wp\/v2\/tags?post=5706"}],"curies":[{"name":"wp","href":"https:\/\/api.w.org\/{rel}","templated":true}]}}