{"id":4266,"date":"2022-01-06T16:30:53","date_gmt":"2022-01-06T15:30:53","guid":{"rendered":"https:\/\/www.lezards-buissonniers.fr\/BDU\/?page_id=4266"},"modified":"2022-01-24T14:32:49","modified_gmt":"2022-01-24T13:32:49","slug":"expos","status":"publish","type":"page","link":"https:\/\/www.lezards-buissonniers.fr\/BDU\/nos-publications\/expos\/","title":{"rendered":"Expos"},"content":{"rendered":"<p>Retrouvez ci-dessous les expositions organis\u00e9es \u00e0 l&rsquo;atelier L\u00e9zards Buissonniers: Un artistes et des enfants sur un th\u00e8me commun exposent leurs \u0153uvres!<\/p>\n<p>(cliquez sur les fl\u00e8ches pour faire d\u00e9filer et voir les archives)<\/p>\n<p><span class=\"pcp-shortcode-selectable\"><style id=\"sp_pcp_dynamic_style4265\">#pcp_wrapper-4265:not(.sps-glossary-layout) .sp-pcp-row,#pcp_wrapper-4265 .sps-glossary-items-group .sps-glossary-items-content {margin-right: -10px;margin-left: -10px;}#pcp_wrapper-4265 .sp-pcp-row [class*='sp-pcp-col-']{padding-right: 10px;padding-left: 10px; padding-bottom:20px;}.pcp-wrapper-4265 .sp-pcp-title a {color: #111;display: inherit;} .pcp-wrapper-4265 .sp-pcp-title a:hover {color: #e1624b;}.pcp-wrapper-4265 .sp-pcp-post-content{color: #444; }#pcp_wrapper-4265 .dots .swiper-pagination-bullet{ background: #cccccc; } #pcp_wrapper-4265 .dots .swiper-pagination-bullet-active { background: #e1624b; }#pcp_wrapper-4265 .pcp-button-prev,#pcp_wrapper-4265 .pcp-button-next{ background-image: none; background-size: auto; background-color: #fff; height: 33px; width: 33px; margin-top: 8px; border: 1px solid #aaa; text-align: center; line-height: 30px; -webkit-transition: 0.3s; border-radius: 3px; }#pcp_wrapper-4265 .pcp-button-prev:hover, #pcp_wrapper-4265 .pcp-button-next:hover{ background-color: #e1624b; border-color: #e1624b; } #pcp_wrapper-4265 .pcp-button-prev .fa, #pcp_wrapper-4265 .pcp-button-next .fa { color: #aaa; } #pcp_wrapper-4265 .pcp-button-prev:hover .fa, #pcp_wrapper-4265 .pcp-button-next:hover .fa { color: #fff; } #pcp_wrapper-4265.pcp-carousel-wrapper .sp-pcp-post{ margin-top: 0; }#pcp_wrapper-4265 .sp-pcp-post {padding: 0 0 0 0;}#pcp_wrapper-4265.sp-slider_layout .sp-pcp-post .sp-pcp-post-details {top: 0; right:0; bottom:0; left:0;}#pcp_wrapper-4265 .sp-pcp-post {border: 0px solid #e2e2e2; border-radius: 0px }#pcp_wrapper-4265 .sp-pcp-post{background-color: transparent;}#pcp_wrapper-4265 .pcp-post-thumb-wrapper{border: 0px solid #dddddd;border-radius:0px;}.pcp-wrapper-4265 .sp-pcp-post-meta li,.pcp-wrapper-4265 .sp-pcp-post-meta ul,.pcp-wrapper-4265 .sp-pcp-post-meta li a{color: #888;}.pcp-wrapper-4265 .sp-pcp-post-meta li a:hover{color: #e1624b;}#pcp_wrapper-4265 .pcp-readmore-link{ background: transparent; color: #111; border: 1px solid #888; border-radius: 0px; } #pcp_wrapper-4265 .pcp-readmore-link:hover { background-color: #e1624b; color: #fff; border-color: #e1624b; }#pcp_wrapper-4265 .pcp-post-pagination .page-numbers.current, #pcp_wrapper-4265 .pcp-post-pagination a.active , #pcp_wrapper-4265 .pcp-post-pagination a:hover{ color: #ffffff; background: #e1624b; border-color: #e1624b; }#pcp_wrapper-4265 .pcp-post-pagination .page-numbers, .pcp-post-pagination a{ background: #ffffff; color:#5e5e5e; border: 2px solid #bbbbbb;border-radius: 2px; }#pcp_wrapper-4265 .pcp-post-pagination{text-align: left;}@media (min-width: 1200px) {.sp-pcp-row .sp-pcp-col-xl-1 {flex: 0 0 100%;}.sp-pcp-row .sp-pcp-col-xl-2 {flex: 1 1 calc( 50% - 20px);}.sp-pcp-row .sp-pcp-col-xl-3 {flex: 1 1 calc( 33.333% - 20px);}.sp-pcp-row .sp-pcp-col-xl-4 {flex: 1 1 calc( 25% - 20px);}.sp-pcp-row .sp-pcp-col-xl-5 { flex: 1 1 calc( 20% - 20px);}.sp-pcp-row .sp-pcp-col-xl-6 {flex: 1 1 calc( 16.66666666666667% - 20px);}.sp-pcp-row .sp-pcp-col-xl-7 {flex: 1 1 calc( 14.28571428% - 20px);}.sp-pcp-row .sp-pcp-col-xl-8 {flex: 1 1 calc( 12.5% - 20px);}}@media (max-width: 1200px) {.sp-pcp-row .sp-pcp-col-lg-1 {flex: 0 0 100%;}.sp-pcp-row .sp-pcp-col-lg-2 {flex: 1 1 calc( 50% - 20px);}.sp-pcp-row .sp-pcp-col-lg-3 {flex: 1 1 calc( 33.333% - 20px);}.sp-pcp-row .sp-pcp-col-lg-4 {flex: 1 1 calc( 25% - 20px);}.sp-pcp-row .sp-pcp-col-lg-5 { flex: 1 1 calc( 20% - 20px);}.sp-pcp-row .sp-pcp-col-lg-6 {flex: 1 1 calc( 16.66666666666667% - 20px);}.sp-pcp-row .sp-pcp-col-lg-7 {flex: 1 1 calc( 14.28571428% - 20px);}.sp-pcp-row .sp-pcp-col-lg-8 {flex: 1 1 calc( 12.5% - 20px);}}@media (max-width: 992px) {.sp-pcp-row .sp-pcp-col-md-1 {flex: 0 0 100%;}.sp-pcp-row .sp-pcp-col-md-2 {flex: 1 1 calc( 50% - 20px);}.sp-pcp-row .sp-pcp-col-md-2-5 {flex: 0 0 75%;}.sp-pcp-row .sp-pcp-col-md-3 {flex: 1 1 calc( 33.333% - 20px);}.sp-pcp-row .sp-pcp-col-md-4 {flex: 1 1 calc( 25% - 20px);}.sp-pcp-row .sp-pcp-col-md-5 { flex: 1 1 calc( 20% - 20px);}.sp-pcp-row .sp-pcp-col-md-6 {flex: 1 1 calc( 16.66666666666667% - 20px);}.sp-pcp-row .sp-pcp-col-md-7 {flex: 1 1 calc( 14.28571428% - 20px);}.sp-pcp-row .sp-pcp-col-md-8 {flex: 1 1 calc( 12.5% - 20px);}}@media (max-width: 768px) {.sp-pcp-row .sp-pcp-col-sm-1 {flex: 0 0 100%;}.sp-pcp-row .sp-pcp-col-sm-2 {flex: 1 1 calc( 50% - 20px);}.sp-pcp-row .sp-pcp-col-sm-2-5 {flex: 0 0 75%;}.sp-pcp-row .sp-pcp-col-sm-3 {flex: 1 1 calc( 33.333% - 20px);}.sp-pcp-row .sp-pcp-col-sm-4 {flex: 1 1 calc( 25% - 20px);}.sp-pcp-row .sp-pcp-col-sm-5 { flex: 1 1 calc( 20% - 20px);}.sp-pcp-row .sp-pcp-col-sm-6 {flex: 1 1 calc( 16.66666666666667% - 20px);}.sp-pcp-row .sp-pcp-col-sm-7 {flex: 1 1 calc( 14.28571428% - 20px);}.sp-pcp-row .sp-pcp-col-sm-8 {flex: 1 1 calc( 12.5% - 20px);}}@media (max-width: 420px) {.sp-pcp-row .sp-pcp-col-xs-1 {flex: 0 0 100%;}.sp-pcp-row .sp-pcp-col-xs-2 {flex: 1 1 calc( 50% - 20px);}.sp-pcp-row .sp-pcp-col-xs-3 {flex: 1 1 calc( 33.333% - 20px);}.sp-pcp-row .sp-pcp-col-xs-4 {flex: 1 1 calc( 25% - 20px);}.sp-pcp-row .sp-pcp-col-xs-5 { flex: 1 1 calc( 20% - 20px);}.sp-pcp-row .sp-pcp-col-xs-6 {flex: 1 1 calc( 16.66666666666667% - 20px);}.sp-pcp-row .sp-pcp-col-xs-7 {flex: 1 1 calc( 14.28571428% - 20px);}.sp-pcp-row .sp-pcp-col-xs-8 {flex: 1 1 calc( 12.5% - 20px);}}<\/style><!-- Markup Starts -->\n<div id=\"pcp_wrapper-4265\" class=\"sp-pcp-section sp-pcp-container pcp-wrapper-4265 pcp-carousel-wrapper standard sp-carousel_layout\" data-sid=\"4265\">\n\t<div id=\"sp-pcp-id-4265\" class=\"swiper-container sp-pcp-carousel top_right\" dir=\"ltr\" data-carousel='{ \"speed\":600, \"items\":4, \"spaceBetween\":20, \"dynamicBullets\": false, \"navigation\":true, \"pagination\": true, \"autoplay\": false, \"autoplay_speed\": 6000, \"loop\": true, \"autoHeight\": false, \"lazy\":  true, \"simulateTouch\": true, \"freeMode\": false, \"slider_mouse_wheel\": false,\"allowTouchMove\": true, \"slidesPerView\": {\"lg_desktop\": 4, \"desktop\": 4, \"tablet\": 3, \"mobile_landscape\": 2, \"mobile\": 1}, \"navigation_mobile\": true, \"pagination_mobile\": true, \"stop_onHover\": true, \"enabled\": true, \"prevSlideMessage\": \"Previous slide\", \"nextSlideMessage\": \"Next slide\", \"firstSlideMessage\": \"This is the first slide\", \"lastSlideMessage\": \"This is the last slide\", \"keyboard\": \"true\", \"paginationBulletMessage\": \"Go to slide {{index}}\" }'>\n\t\t\t<div class=\"swiper-wrapper\">\n\t\t\t\t\t\t<div class=\" swiper-slide swiper-lazy\">\n\t\t\t<div class=\"sp-pcp-post default pcp-item-5892\" data-id=\"5892\">\n\t\t\t\t\t\t\t\t<div class=\"pcp-post-thumb-wrapper\">\n\t\t\t\t\t<div class=\"sp-pcp-post-thumb-area\">\n\t\t\t\t\t\t\t\t\t\t\t\t<a class=\"sp-pcp-thumb\" href=\"https:\/\/www.lezards-buissonniers.fr\/BDU\/2022\/08\/29\/christine-crozat\/\" target=\"_self\" >\n\t\t\t\t\t\t\t\t\t\t\t\t\t<img loading=\"lazy\" decoding=\"async\" src=\"https:\/\/www.lezards-buissonniers.fr\/BDU\/wp-content\/uploads\/2022\/09\/Christine-Crozat.jpg\" width=\"1080\" height=\"1440\" alt=\"\">\n\t\t\t\t\t\t<\/a>\n\t\t\t\t\t<\/div>\n\t\t\t\t<\/div>\n\t\t\t\t\t\t\t\t<div class=\"sp-pcp-post-details\">\n\t\t\t\t\t<div class=\"sp-pcp-post-details-content\">\n\t\t\t\t\t\t\t\t<h2 class=\"sp-pcp-title\">\n\t\t\t\t\t\t\t\t\t<a href=\"https:\/\/www.lezards-buissonniers.fr\/BDU\/2022\/08\/29\/christine-crozat\/\"  target=\"_self\">Christine Crozat<\/a>\t\t\t\t\t\t\t<\/h2>\n\t\t\t\t\t\t<div class=\"sp-pcp-post-meta\">\n\t\t\t<ul><li>\t\t\t\t\t<i class=\"fa fa-user\"><\/i>\n\t\t\t\t\t<a href=\"https:\/\/www.lezards-buissonniers.fr\/BDU\/author\/wmcistotlbdy06\/\"\n\t\t\t\t\t\trel=\"author\">Francis CHATOT<\/a>\n\t\t\t\t\t<\/li> <li>\t\t\t\t\t<i class=\"fa fa-calendar\"><\/i>\n\t\t\t\t\t<time class=\"entry-date published updated\">29 ao\u00fbt 2022<\/time>\n\t\t\t\t\t<\/li><\/ul>\t\t<\/div>\n\t\t\t\t\t<div class=\"sp-pcp-post-content\">\n\t\t\t<p>Christine Crozat travaille entre Lyon et Paris. Exposition d&rsquo;estampes \u00ab\u00a0empreintes et emprunt\u00a0\u00bb<\/p>\n\t\t<div class=\"sp-pcp-readmore\">\n\t\t\t\t\t\t\t<a class=\"pcp-readmore-link\" target=\"_self\" href=\"https:\/\/www.lezards-buissonniers.fr\/BDU\/2022\/08\/29\/christine-crozat\/\" >\n\t\t\t\t\t\tEn savoir plus ... <\/a>\n\t\t<\/div>\n\t\t\t\t\t<\/div>\n\t\t\t\t\t\t\t\t<\/div>\n\t\t\t\t<\/div>\n\t\t\t<\/div>\n\t\t<\/div>\n\t\t\t\t<div class=\" swiper-slide swiper-lazy\">\n\t\t\t<div class=\"sp-pcp-post default pcp-item-4359\" data-id=\"4359\">\n\t\t\t\t\t\t\t\t<div class=\"pcp-post-thumb-wrapper\">\n\t\t\t\t\t<div class=\"sp-pcp-post-thumb-area\">\n\t\t\t\t\t\t\t\t\t\t\t\t<a class=\"sp-pcp-thumb\" href=\"https:\/\/www.lezards-buissonniers.fr\/BDU\/2021\/12\/10\/seminaire-ceramique-janvier-2022\/\" target=\"_self\" >\n\t\t\t\t\t\t\t\t\t\t\t\t\t<img loading=\"lazy\" decoding=\"async\" src=\"https:\/\/www.lezards-buissonniers.fr\/BDU\/wp-content\/uploads\/2022\/01\/VERNISSAGE-EXPO.jpg\" width=\"1240\" height=\"1754\" alt=\"\">\n\t\t\t\t\t\t<\/a>\n\t\t\t\t\t<\/div>\n\t\t\t\t<\/div>\n\t\t\t\t\t\t\t\t<div class=\"sp-pcp-post-details\">\n\t\t\t\t\t<div class=\"sp-pcp-post-details-content\">\n\t\t\t\t\t\t\t\t<h2 class=\"sp-pcp-title\">\n\t\t\t\t\t\t\t\t\t<a href=\"https:\/\/www.lezards-buissonniers.fr\/BDU\/2021\/12\/10\/seminaire-ceramique-janvier-2022\/\"  target=\"_self\">Exposition Guillaume Desbiolles<\/a>\t\t\t\t\t\t\t<\/h2>\n\t\t\t\t\t\t<div class=\"sp-pcp-post-meta\">\n\t\t\t<ul><li>\t\t\t\t\t<i class=\"fa fa-user\"><\/i>\n\t\t\t\t\t<a href=\"https:\/\/www.lezards-buissonniers.fr\/BDU\/author\/wmcistotlbdy06\/\"\n\t\t\t\t\t\trel=\"author\">Francis CHATOT<\/a>\n\t\t\t\t\t<\/li> <li>\t\t\t\t\t<i class=\"fa fa-calendar\"><\/i>\n\t\t\t\t\t<time class=\"entry-date published updated\">10 d\u00e9cembre 2021<\/time>\n\t\t\t\t\t<\/li><\/ul>\t\t<\/div>\n\t\t\t\t\t<div class=\"sp-pcp-post-content\">\n\t\t\t\t\t<div class=\"sp-pcp-readmore\">\n\t\t\t\t\t\t\t<a class=\"pcp-readmore-link\" target=\"_self\" href=\"https:\/\/www.lezards-buissonniers.fr\/BDU\/2021\/12\/10\/seminaire-ceramique-janvier-2022\/\" >\n\t\t\t\t\t\tEn savoir plus ... <\/a>\n\t\t<\/div>\n\t\t\t\t\t<\/div>\n\t\t\t\t\t\t\t\t<\/div>\n\t\t\t\t<\/div>\n\t\t\t<\/div>\n\t\t<\/div>\n\t\t\t\t<div class=\" swiper-slide swiper-lazy\">\n\t\t\t<div class=\"sp-pcp-post default pcp-item-1427\" data-id=\"1427\">\n\t\t\t\t\t\t\t\t<div class=\"pcp-post-thumb-wrapper\">\n\t\t\t\t\t<div class=\"sp-pcp-post-thumb-area\">\n\t\t\t\t\t\t\t\t\t\t\t\t<a class=\"sp-pcp-thumb\" href=\"https:\/\/www.lezards-buissonniers.fr\/BDU\/2014\/06\/18\/un-jardin-a-nos-petits-pieds-aux-musees-gadagne\/\" target=\"_self\" >\n\t\t\t\t\t\t\t\t\t\t\t\t\t<img loading=\"lazy\" decoding=\"async\" src=\"https:\/\/www.lezards-buissonniers.fr\/BDU\/wp-content\/uploads\/2014\/06\/stage-fevrier-2012.jpg\" width=\"337\" height=\"480\" alt=\"\">\n\t\t\t\t\t\t<\/a>\n\t\t\t\t\t<\/div>\n\t\t\t\t<\/div>\n\t\t\t\t\t\t\t\t<div class=\"sp-pcp-post-details\">\n\t\t\t\t\t<div class=\"sp-pcp-post-details-content\">\n\t\t\t\t\t\t\t\t<h2 class=\"sp-pcp-title\">\n\t\t\t\t\t\t\t\t\t<a href=\"https:\/\/www.lezards-buissonniers.fr\/BDU\/2014\/06\/18\/un-jardin-a-nos-petits-pieds-aux-musees-gadagne\/\"  target=\"_self\">\u00ab\u00a0Un jardin \u00e0 nos petits pieds\u00a0\u00bb aux Mus\u00e9es Gadagne<\/a>\t\t\t\t\t\t\t<\/h2>\n\t\t\t\t\t\t<div class=\"sp-pcp-post-meta\">\n\t\t\t<ul><li>\t\t\t\t\t<i class=\"fa fa-user\"><\/i>\n\t\t\t\t\t<a href=\"https:\/\/www.lezards-buissonniers.fr\/BDU\/author\/wmcistotlbdy06\/\"\n\t\t\t\t\t\trel=\"author\">Francis CHATOT<\/a>\n\t\t\t\t\t<\/li> <li>\t\t\t\t\t<i class=\"fa fa-calendar\"><\/i>\n\t\t\t\t\t<time class=\"entry-date published updated\">18 juin 2014<\/time>\n\t\t\t\t\t<\/li><\/ul>\t\t<\/div>\n\t\t\t\t\t<div class=\"sp-pcp-post-content\">\n\t\t\t<p>Merci \u00e0 toute l&rsquo;\u00e9quipe de programmation des mus\u00e9es Gadagne pour avoir permis aux enfants de l&rsquo;atelier L\u00e9zards Buissonniers, d&rsquo;apporter leur contribution aux \u00ab\u00a0Rendez-vous au jardin\u00a0\u00bb 2014. A l&rsquo;atelier chacun y a trouv\u00e9 son compte, apportant ses id\u00e9es et ses solutions techniques. Nous avons avanc\u00e9 \u00ab\u00a0pas \u00e0 pas\u00a0\u00bb \u00e0 notre rythme mais tout fut pr\u00eat \u00e0&hellip; <br \/> <a class=\"read-more\" href=\"https:\/\/www.lezards-buissonniers.fr\/BDU\/2014\/06\/18\/un-jardin-a-nos-petits-pieds-aux-musees-gadagne\/\">Lire la suite<\/a><\/p>\n\t\t<div class=\"sp-pcp-readmore\">\n\t\t\t\t\t\t\t<a class=\"pcp-readmore-link\" target=\"_self\" href=\"https:\/\/www.lezards-buissonniers.fr\/BDU\/2014\/06\/18\/un-jardin-a-nos-petits-pieds-aux-musees-gadagne\/\" >\n\t\t\t\t\t\tEn savoir plus ... <\/a>\n\t\t<\/div>\n\t\t\t\t\t<\/div>\n\t\t\t\t\t\t\t\t<\/div>\n\t\t\t\t<\/div>\n\t\t\t<\/div>\n\t\t<\/div>\n\t\t\t\t<div class=\" swiper-slide swiper-lazy\">\n\t\t\t<div class=\"sp-pcp-post default pcp-item-1021\" data-id=\"1021\">\n\t\t\t\t\t\t\t\t<div class=\"pcp-post-thumb-wrapper\">\n\t\t\t\t\t<div class=\"sp-pcp-post-thumb-area\">\n\t\t\t\t\t\t\t\t\t\t\t\t<a class=\"sp-pcp-thumb\" href=\"https:\/\/www.lezards-buissonniers.fr\/BDU\/2012\/02\/23\/exposition-la-ville-sens-dessus-dessous\/\" target=\"_self\" >\n\t\t\t\t\t\t\t\t\t\t\t\t\t<img loading=\"lazy\" decoding=\"async\" src=\"https:\/\/www.lezards-buissonniers.fr\/BDU\/wp-content\/uploads\/2012\/05\/invitation1-1.jpg\" width=\"595\" height=\"842\" alt=\"\">\n\t\t\t\t\t\t<\/a>\n\t\t\t\t\t<\/div>\n\t\t\t\t<\/div>\n\t\t\t\t\t\t\t\t<div class=\"sp-pcp-post-details\">\n\t\t\t\t\t<div class=\"sp-pcp-post-details-content\">\n\t\t\t\t\t\t\t\t<h2 class=\"sp-pcp-title\">\n\t\t\t\t\t\t\t\t\t<a href=\"https:\/\/www.lezards-buissonniers.fr\/BDU\/2012\/02\/23\/exposition-la-ville-sens-dessus-dessous\/\"  target=\"_self\">Exposition \u00ab\u00a0La ville sens dessus dessous\u00a0\u00bb<\/a>\t\t\t\t\t\t\t<\/h2>\n\t\t\t\t\t\t<div class=\"sp-pcp-post-meta\">\n\t\t\t<ul><li>\t\t\t\t\t<i class=\"fa fa-user\"><\/i>\n\t\t\t\t\t<a href=\"https:\/\/www.lezards-buissonniers.fr\/BDU\/author\/wmcistotlbdy06\/\"\n\t\t\t\t\t\trel=\"author\">Francis CHATOT<\/a>\n\t\t\t\t\t<\/li> <li>\t\t\t\t\t<i class=\"fa fa-calendar\"><\/i>\n\t\t\t\t\t<time class=\"entry-date published updated\">23 f\u00e9vrier 2012<\/time>\n\t\t\t\t\t<\/li><\/ul>\t\t<\/div>\n\t\t\t\t\t<div class=\"sp-pcp-post-content\">\n\t\t\t<p>A propos des PRAMAX: http:\/\/www.theartchemists.com\/index.php?view=article&amp;catid=359%3Aa-lavant-garde&amp;id=2241%3Aa-lavant-garde-pramax-new-york-upside-down&amp;format=pdf&amp;option=com_content&amp;Itemid=396 A propos de KARA: N\u00e9e dans la r\u00e9gion Lyonnaise en 1975\u2026.. parcours en pens\u00e9e, parcours dessin\u00e9\u2026. aventures professionnelles vari\u00e9es\u2026\u2026 bel app\u00e9tit pour sa ville d\u2019adoption\u2026 structures, objets et personnages imagin\u00e9s. vision ludique, emm\u00eal\u00e9e et joyeuse\u2026\u2026\u2026\u2026. &nbsp; en bonne compagnie&nbsp;! &nbsp;<\/p>\n\t\t<div class=\"sp-pcp-readmore\">\n\t\t\t\t\t\t\t<a class=\"pcp-readmore-link\" target=\"_self\" href=\"https:\/\/www.lezards-buissonniers.fr\/BDU\/2012\/02\/23\/exposition-la-ville-sens-dessus-dessous\/\" >\n\t\t\t\t\t\tEn savoir plus ... <\/a>\n\t\t<\/div>\n\t\t\t\t\t<\/div>\n\t\t\t\t\t\t\t\t<\/div>\n\t\t\t\t<\/div>\n\t\t\t<\/div>\n\t\t<\/div>\n\t\t\t\t<div class=\" swiper-slide swiper-lazy\">\n\t\t\t<div class=\"sp-pcp-post default pcp-item-863\" data-id=\"863\">\n\t\t\t\t\t\t\t\t<div class=\"pcp-post-thumb-wrapper\">\n\t\t\t\t\t<div class=\"sp-pcp-post-thumb-area\">\n\t\t\t\t\t\t\t\t\t\t\t\t<a class=\"sp-pcp-thumb\" href=\"https:\/\/www.lezards-buissonniers.fr\/BDU\/2011\/08\/30\/exposition-betes-curieuses-du-30-sept-au-15-oct-2011\/\" target=\"_self\" >\n\t\t\t\t\t\t\t\t\t\t\t\t\t<img loading=\"lazy\" decoding=\"async\" src=\"https:\/\/www.lezards-buissonniers.fr\/BDU\/wp-content\/uploads\/2011\/08\/affichebetescurieuses.jpg\" width=\"842\" height=\"1191\" alt=\"\">\n\t\t\t\t\t\t<\/a>\n\t\t\t\t\t<\/div>\n\t\t\t\t<\/div>\n\t\t\t\t\t\t\t\t<div class=\"sp-pcp-post-details\">\n\t\t\t\t\t<div class=\"sp-pcp-post-details-content\">\n\t\t\t\t\t\t\t\t<h2 class=\"sp-pcp-title\">\n\t\t\t\t\t\t\t\t\t<a href=\"https:\/\/www.lezards-buissonniers.fr\/BDU\/2011\/08\/30\/exposition-betes-curieuses-du-30-sept-au-15-oct-2011\/\"  target=\"_self\">Exposition \u00ab\u00a0B\u00eates curieuses\u00a0\u00bb du 30 sept au 15 oct 2011<\/a>\t\t\t\t\t\t\t<\/h2>\n\t\t\t\t\t\t<div class=\"sp-pcp-post-meta\">\n\t\t\t<ul><li>\t\t\t\t\t<i class=\"fa fa-user\"><\/i>\n\t\t\t\t\t<a href=\"https:\/\/www.lezards-buissonniers.fr\/BDU\/author\/wmcistotlbdy06\/\"\n\t\t\t\t\t\trel=\"author\">Francis CHATOT<\/a>\n\t\t\t\t\t<\/li> <li>\t\t\t\t\t<i class=\"fa fa-calendar\"><\/i>\n\t\t\t\t\t<time class=\"entry-date published updated\">30 ao\u00fbt 2011<\/time>\n\t\t\t\t\t<\/li><\/ul>\t\t<\/div>\n\t\t\t\t\t<div class=\"sp-pcp-post-content\">\n\t\t\t<p>&nbsp; Fran\u00e7ois Crozat, a illustr\u00e9 de nombreux livres pour enfants. Nous avons choisi de vous pr\u00e9senter ses dessins d&rsquo;animaux. Certains sont fantastiques, d&rsquo;autres sont des h\u00e9ros de contes, parfois ils sont les personnages secondaires d&rsquo;une histoire. Fran\u00e7ois Crozat a d\u00e9but\u00e9 en faisant du documentaire et on retrouve ce parcours dans la pr\u00e9cision de ses traits.&hellip; <br \/> <a class=\"read-more\" href=\"https:\/\/www.lezards-buissonniers.fr\/BDU\/2011\/08\/30\/exposition-betes-curieuses-du-30-sept-au-15-oct-2011\/\">Lire la suite<\/a><\/p>\n\t\t<div class=\"sp-pcp-readmore\">\n\t\t\t\t\t\t\t<a class=\"pcp-readmore-link\" target=\"_self\" href=\"https:\/\/www.lezards-buissonniers.fr\/BDU\/2011\/08\/30\/exposition-betes-curieuses-du-30-sept-au-15-oct-2011\/\" >\n\t\t\t\t\t\tEn savoir plus ... <\/a>\n\t\t<\/div>\n\t\t\t\t\t<\/div>\n\t\t\t\t\t\t\t\t<\/div>\n\t\t\t\t<\/div>\n\t\t\t<\/div>\n\t\t<\/div>\n\t\t\t\t<div class=\" swiper-slide swiper-lazy\">\n\t\t\t<div class=\"sp-pcp-post default pcp-item-824\" data-id=\"824\">\n\t\t\t\t\t\t\t\t<div class=\"pcp-post-thumb-wrapper\">\n\t\t\t\t\t<div class=\"sp-pcp-post-thumb-area\">\n\t\t\t\t\t\t\t\t\t\t\t\t<a class=\"sp-pcp-thumb\" href=\"https:\/\/www.lezards-buissonniers.fr\/BDU\/2010\/11\/03\/824-2\/\" target=\"_self\" >\n\t\t\t\t\t\t\t\t\t\t\t\t\t<img loading=\"lazy\" decoding=\"async\" src=\"https:\/\/www.lezards-buissonniers.fr\/BDU\/wp-content\/uploads\/2010\/11\/invitpitreries.jpg\" width=\"595\" height=\"842\" alt=\"\">\n\t\t\t\t\t\t<\/a>\n\t\t\t\t\t<\/div>\n\t\t\t\t<\/div>\n\t\t\t\t\t\t\t\t<div class=\"sp-pcp-post-details\">\n\t\t\t\t\t<div class=\"sp-pcp-post-details-content\">\n\t\t\t\t\t\t\t\t<h2 class=\"sp-pcp-title\">\n\t\t\t\t\t\t\t\t\t<a href=\"https:\/\/www.lezards-buissonniers.fr\/BDU\/2010\/11\/03\/824-2\/\"  target=\"_self\">Exposition \u00ab\u00a0Pitreries\u00a0\u00bb D\u00e9cembre 2010<\/a>\t\t\t\t\t\t\t<\/h2>\n\t\t\t\t\t\t<div class=\"sp-pcp-post-meta\">\n\t\t\t<ul><li>\t\t\t\t\t<i class=\"fa fa-user\"><\/i>\n\t\t\t\t\t<a href=\"https:\/\/www.lezards-buissonniers.fr\/BDU\/author\/wmcistotlbdy06\/\"\n\t\t\t\t\t\trel=\"author\">Francis CHATOT<\/a>\n\t\t\t\t\t<\/li> <li>\t\t\t\t\t<i class=\"fa fa-calendar\"><\/i>\n\t\t\t\t\t<time class=\"entry-date published updated\">3 novembre 2010<\/time>\n\t\t\t\t\t<\/li><\/ul>\t\t<\/div>\n\t\t\t\t\t<div class=\"sp-pcp-post-content\">\n\t\t\t<p>&nbsp;\u00ab\u00a0Pitreries\u00a0\u00bb une exposition foisonnante avec une vingtaine d&rsquo;exposants! 4 artistes et 15 enfants .<\/p>\n\t\t<div class=\"sp-pcp-readmore\">\n\t\t\t\t\t\t\t<a class=\"pcp-readmore-link\" target=\"_self\" href=\"https:\/\/www.lezards-buissonniers.fr\/BDU\/2010\/11\/03\/824-2\/\" >\n\t\t\t\t\t\tEn savoir plus ... <\/a>\n\t\t<\/div>\n\t\t\t\t\t<\/div>\n\t\t\t\t\t\t\t\t<\/div>\n\t\t\t\t<\/div>\n\t\t\t<\/div>\n\t\t<\/div>\n\t\t\t\t<div class=\" swiper-slide swiper-lazy\">\n\t\t\t<div class=\"sp-pcp-post default pcp-item-818\" data-id=\"818\">\n\t\t\t\t\t\t\t\t<div class=\"pcp-post-thumb-wrapper\">\n\t\t\t\t\t<div class=\"sp-pcp-post-thumb-area\">\n\t\t\t\t\t\t\t\t\t\t\t\t<a class=\"sp-pcp-thumb\" href=\"https:\/\/www.lezards-buissonniers.fr\/BDU\/2008\/09\/01\/pramax2008\/\" target=\"_self\" >\n\t\t\t\t\t\t\t\t\t\t\t\t\t<img loading=\"lazy\" decoding=\"async\" src=\"https:\/\/www.lezards-buissonniers.fr\/BDU\/wp-content\/uploads\/2022\/01\/nggallery_import\/affiche-biennale-001.jpg\" width=\"1600\" height=\"1200\" alt=\"\">\n\t\t\t\t\t\t<\/a>\n\t\t\t\t\t<\/div>\n\t\t\t\t<\/div>\n\t\t\t\t\t\t\t\t<div class=\"sp-pcp-post-details\">\n\t\t\t\t\t<div class=\"sp-pcp-post-details-content\">\n\t\t\t\t\t\t\t\t<h2 class=\"sp-pcp-title\">\n\t\t\t\t\t\t\t\t\t<a href=\"https:\/\/www.lezards-buissonniers.fr\/BDU\/2008\/09\/01\/pramax2008\/\"  target=\"_self\">PRAMAX(2008)<\/a>\t\t\t\t\t\t\t<\/h2>\n\t\t\t\t\t\t<div class=\"sp-pcp-post-meta\">\n\t\t\t<ul><li>\t\t\t\t\t<i class=\"fa fa-user\"><\/i>\n\t\t\t\t\t<a href=\"https:\/\/www.lezards-buissonniers.fr\/BDU\/author\/wmcistotlbdy06\/\"\n\t\t\t\t\t\trel=\"author\">Francis CHATOT<\/a>\n\t\t\t\t\t<\/li> <li>\t\t\t\t\t<i class=\"fa fa-calendar\"><\/i>\n\t\t\t\t\t<time class=\"entry-date published updated\">1 septembre 2008<\/time>\n\t\t\t\t\t<\/li><\/ul>\t\t<\/div>\n\t\t\t\t\t<div class=\"sp-pcp-post-content\">\n\t\t\t<p>Praline et Maxime deux dr\u00f4les d&rsquo;inventeurs d&rsquo;images que nous avons rencontr\u00e9 avec plaisir \u00e0 l&rsquo;atelier!<\/p>\n\t\t<div class=\"sp-pcp-readmore\">\n\t\t\t\t\t\t\t<a class=\"pcp-readmore-link\" target=\"_self\" href=\"https:\/\/www.lezards-buissonniers.fr\/BDU\/2008\/09\/01\/pramax2008\/\" >\n\t\t\t\t\t\tEn savoir plus ... <\/a>\n\t\t<\/div>\n\t\t\t\t\t<\/div>\n\t\t\t\t\t\t\t\t<\/div>\n\t\t\t\t<\/div>\n\t\t\t<\/div>\n\t\t<\/div>\n\t\t\t\t\t<\/div>\n\t\t\t\t\t\t<div class=\"pcp-pagination swiper-pagination dots\"><\/div>\n\t\t\t\t\t\t\t\t\t\t<div class=\"pcp-button-next swiper-button-next top_right\"><i class=\"fa fa-angle-right\"><\/i><\/div>\n\t\t\t\t<div class=\"pcp-button-prev swiper-button-prev top_right\"><i class=\"fa fa-angle-left\"><\/i><\/div>\t<\/div>\n<\/div>\n<\/span><\/p>\n","protected":false},"excerpt":{"rendered":"<p>Retrouvez ci-dessous les expositions organis\u00e9es \u00e0 l&rsquo;atelier L\u00e9zards Buissonniers: Un artistes et des enfants sur un th\u00e8me commun exposent leurs \u0153uvres! (cliquez sur les fl\u00e8ches pour faire d\u00e9filer et voir les archives)<\/p>\n","protected":false},"author":2,"featured_media":0,"parent":3207,"menu_order":0,"comment_status":"closed","ping_status":"closed","template":"","meta":{"_lmt_disableupdate":"no","_lmt_disable":"","ngg_post_thumbnail":0,"footnotes":""},"tags":[],"class_list":["post-4266","page","type-page","status-publish","hentry"],"_links":{"self":[{"href":"https:\/\/www.lezards-buissonniers.fr\/BDU\/wp-json\/wp\/v2\/pages\/4266","targetHints":{"allow":["GET"]}}],"collection":[{"href":"https:\/\/www.lezards-buissonniers.fr\/BDU\/wp-json\/wp\/v2\/pages"}],"about":[{"href":"https:\/\/www.lezards-buissonniers.fr\/BDU\/wp-json\/wp\/v2\/types\/page"}],"author":[{"embeddable":true,"href":"https:\/\/www.lezards-buissonniers.fr\/BDU\/wp-json\/wp\/v2\/users\/2"}],"replies":[{"embeddable":true,"href":"https:\/\/www.lezards-buissonniers.fr\/BDU\/wp-json\/wp\/v2\/comments?post=4266"}],"version-history":[{"count":5,"href":"https:\/\/www.lezards-buissonniers.fr\/BDU\/wp-json\/wp\/v2\/pages\/4266\/revisions"}],"predecessor-version":[{"id":5578,"href":"https:\/\/www.lezards-buissonniers.fr\/BDU\/wp-json\/wp\/v2\/pages\/4266\/revisions\/5578"}],"up":[{"embeddable":true,"href":"https:\/\/www.lezards-buissonniers.fr\/BDU\/wp-json\/wp\/v2\/pages\/3207"}],"wp:attachment":[{"href":"https:\/\/www.lezards-buissonniers.fr\/BDU\/wp-json\/wp\/v2\/media?parent=4266"}],"wp:term":[{"taxonomy":"post_tag","embeddable":true,"href":"https:\/\/www.lezards-buissonniers.fr\/BDU\/wp-json\/wp\/v2\/tags?post=4266"}],"curies":[{"name":"wp","href":"https:\/\/api.w.org\/{rel}","templated":true}]}}